s the units digit of 1367?
7
What is the thousands digit of 4918?
4
What is the units digit of 3773?
3
What is the hundreds digit of 3595?
5
What is the hundreds digit of 23581?
5
What is the tens digit of 679?
7
What is the units digit of 2254?
4
What is the tens digit of 129394?
9
What is the thousands digit of 155854?
5
What is the hundreds digit of 1167?
1
What is the units digit of 606?
6
What is the ten thousands digit of 23838?
2
What is the tens digit of 380?
8
What is the tens digit of 6716?
1
What is the tens digit of 71?
7
What is the units digit of 1948?
8
What is the hundreds digit of 542?
5
What is the hundreds digit of 3397?
3
What is the tens digit of 2653?
5
What is the tens digit of 302?
0
What is the ten thousands digit of 21068?
2
What is the thousands digit of 42084?
2
What is the tens digit of 611?
1
What is the hundreds digit of 258?
2
What is the units digit of 7279?
9
What is the tens digit of 6033?
3
What is the hundreds digit of 1944?
9
What is the units digit of 6380?
0
What is the hundreds digit of 6328?
3
What is the tens digit of 3321?
2
What is the hundreds digit of 21985?
9
What is the units digit of 117751?
1
What is the hundreds digit of 141721?
7
What is the tens digit of 11385?
8
What is the thousands digit of 111768?
1
What is the units digit of 16?
6
What is the thousands digit of 7994?
7
What is the hundreds digit of 2365?
3
What is the hundred thousands digit of 199234?
1
What is the tens digit of 1975?
7
What is the hundreds digit of 887?
8
What is the units digit of 558?
8
What is the units digit of 4567?
7
What is the tens digit of 67367?
6
What is the hundreds digit of 413?
4
What is the tens digit of 4451?
5
What is the units digit of 15822?
2
What is the tens digit of 7457?
5
What is the units digit of 745?
5
What is the thousands digit of 9393?
9
What is the units digit of 882?
2
What is the hundreds digit of 29551?
5
What is the units digit of 431?
1
What is the units digit of 419?
9
What is the units digit of 30424?
4
What is the ten thousands digit of 10503?
1
What is the hundreds digit of 974?
9
What is the tens digit of 25602?
0
What is the units digit of 5044?
4
What is the hundreds digit of 489?
4
What is the tens digit of 807?
0
What is the hundreds digit of 18831?
8
What is the tens digit of 23026?
2
What is the ten thousands digit of 33670?
3
What is the tens digit of 1035?
3
What is the ten thousands digit of 49534?
4
What is the ten thousands digit of 26110?
2
What is the tens digit of 63430?
3
What is the hundreds digit of 9393?
3
What is the tens digit of 6197?
9
What is the tens digit of 25032?
3
What is the thousands digit of 4392?
4
What is the units digit of 2000?
0
What is the tens digit of 1489?
8
What is the hundreds digit of 607?
6
What is the units digit of 184?
4
What is the units digit of 1052?
2
What is the tens digit of 147688?
8
What is the hundreds digit of 9696?
6
What is the ten thousands digit of 47870?
4
What is the hundreds digit of 9857?
8
What is the ten thousands digit of 48377?
4
What is the ten thousands digit of 40262?
4
What is the hundreds digit of 853?
8
What is the thousands digit of 3632?
3
What is the hundreds digit of 114148?
1
What is the thousands digit of 46441?
6
What is the units digit of 9326?
6
What is the ten thousands digit of 22260?
2
What is the ten thousands digit of 26687?
2
What is the tens digit of 4081?
8
What is the tens digit of 39412?
1
What is the thousands digit of 99619?
9
What is the units digit of 43962?
2
What is the tens digit of 36721?
2
What is the thousands digit of 9329?
9
What is the tens digit of 1269?
6
What is the units digit of 24064?
4
What is the units digit of 3369?
9
What is the thousands digit of 5128?
5
What is the units digit of 7019?
9
What is the ten thousands digit of 37919?
3
What is the hundreds digit of 6689?
6
What is the units digit of 614?
4
What is the thousands digit of 45668?
5
What is the hundreds digit of 6087?
0
What is the thousands digit of 15295?
5
What is the tens digit of 27855?
5
What is the hundreds digit of 26694?
6
What is the hundreds digit of 11146?
1
What is the units digit of 8897?
7
What is the thousands digit of 2477?
2
What is the tens digit of 6208?
0
What is the thousands digit of 6228?
6
What is the units digit of 90084?
4
What is the units digit of 302?
2
What is the tens digit of 1554?
5
What is the hundreds digit of 25044?
0
What is the hundreds digit of 17445?
4
What is the units digit of 11540?
0
What is the units digit of 1352?
2
What is the tens digit of 5520?
2
What is the thousands digit of 30630?
0
What is the thousands digit of 6200?
6
What is the ten thousands digit of 33491?
3
What is the tens digit of 64368?
6
What is the thousands digit of 11979?
1
What is the thousands digit of 1050?
1
What is the tens digit of 27748?
4
What is the thousands digit of 68465?
8
What is the thousands digit of 8593?
8
What is the tens digit of 29094?
9
What is the units digit of 3172?
2
What is the units digit of 8874?
4
What is the units digit of 90?
0
What is the hundreds digit of 590?
5
What is the units digit of 5741?
1
What is the thousands digit of 39875?
9
What is the ten thousands digit of 10545?
1
What is the units digit of 1397?
7
What is the units digit of 4850?
0
What is the thousands digit of 1283?
1
What is the tens digit of 869?
6
What is the tens digit of 853?
5
What is the tens digit of 26791?
9
What is the thousands digit of 61469?
1
What is the hundreds digit of 985?
9
What is the units digit of 3809?
9
What is the thousands digit of 8531?
8
What is the tens digit of 32168?
6
What is the hundreds digit of 37704?
7
What is the units digit of 2575?
5
What is the units digit of 6298?
8
What is the units digit of 56199?
9
What is the thousands digit of 2511?
2
What is the thousands digit of 83441?
3
What is the tens digit of 3708?
0
What is the hundreds digit of 1602?
6
What is the thousands digit of 10536?
0
What is the thousands digit of 6049?
6
What is the tens digit of 33486?
8
What is the hundreds digit of 2510?
5
What is the tens digit of 3555?
5
What is the hundreds digit of 2352?
3
What is the hundreds digit of 6465?
4
What is the thousands digit of 27878?
7
What is the units digit of 5925?
5
What is the tens digit of 849?
4
What is the units digit of 6440?
0
What is the units digit of 2447?
7
What is the units digit of 4992?
2
What is the tens digit of 85075?
7
What is the thousands digit of 43734?
3
What is the units digit of 1288?
8
What is the thousands digit of 2144?
2
What is the tens digit of 235?
3
What is the units digit of 3054?
4
What is the units digit of 48935?
5
What is the tens digit of 2225?
2
What is the units digit of 3496?
6
What is the units digit of 307?
7
What is the units digit of 52200?
0
What is the units digit of 718?
8
What is the hundreds digit of 6597?
5
What is the hundreds digit of 1576?
5
What is the hundreds digit of 1207?
2
What is the thousands digit of 6769?
6
What is the ten thousands digit of 85930?
8
What is the units digit of 4?
4
What is the hundreds digit of 2731?
7
What is the hundreds digit of 4558?
5
What is the tens digit of 10184?
8
What is the thousands digit of 3255?
3
What is the ten thousands digit of 110646?
1
What is the thousands digit of 3008?
3
What is the thousands digit of 2114?
2
What is the hundreds digit of 8459?
4
What is the hundred thousands digit of 106113?
1
What is the ten thousands digit of 13662?
1
What is the hundreds digit of 6079?
0
What is the units digit of 1079?
9
What is the tens digit of 20052?
5
What is the tens digit of 26289?
8
What is the units digit of 6179?
9
What is the hundreds digit of 23960?
9
What is the hundred thousands digit of 103356?
1
What is the units digit of 16173?
3
What is the hundreds digit of 2052?
0
What is the thousands digit of 22577?
2
What is the tens digit of 1391?
9
What is the units digit of 827?
7
What is the tens digit of 28244?
4
What is the ten thousands digit of 28145?
2
What is the tens digit of 50728?
2
What is the hundreds digit of 415?
4
What is the units digit of 335?
5
What is the units digit of 794?
4
What is the units digit of 10485?
5
What is the tens digit of 874?
7
What is the units digit of 39?
9
What is the hundreds digit of 776